usands digit of 116693?
1
What is the thousands digit of 9452016?
2
What is the units digit of 271561?
1
What is the ten thousands digit of 169816?
6
What is the millions digit of 2102751?
2
What is the ten thousands digit of 5902431?
0
What is the thousands digit of 272389?
2
What is the units digit of 448224?
4
What is the ten millions digit of 23151720?
2
What is the tens digit of 13316186?
8
What is the ten thousands digit of 155049?
5
What is the hundreds digit of 7400234?
2
What is the units digit of 3292244?
4
What is the hundreds digit of 26194587?
5
What is the ten thousands digit of 84725?
8
What is the hundred thousands digit of 36947004?
9
What is the units digit of 5426451?
1
What is the hundred thousands digit of 1897833?
8
What is the units digit of 4943270?
0
What is the hundreds digit of 553402?
4
What is the ten thousands digit of 774984?
7
What is the millions digit of 1272189?
1
What is the ten thousands digit of 54715?
5
What is the hundred thousands digit of 425804?
4
What is the hundred thousands digit of 34835587?
8
What is the hundred thousands digit of 1892037?
8
What is the tens digit of 150516?
1
What is the hundreds digit of 2668565?
5
What is the millions digit of 4163275?
4
What is the tens digit of 3759382?
8
What is the tens digit of 183224?
2
What is the units digit of 22891100?
0
What is the millions digit of 1978472?
1
What is the ten thousands digit of 129361?
2
What is the hundred thousands digit of 1155894?
1
What is the hundred thousands digit of 9438619?
4
What is the thousands digit of 7346921?
6
What is the hundred thousands digit of 12706583?
7
What is the units digit of 21924?
4
What is the ten thousands digit of 281412?
8
What is the hundred thousands digit of 7040312?
0
What is the hundreds digit of 31987622?
6
What is the units digit of 335737?
7
What is the ten thousands digit of 545723?
4
What is the tens digit of 758324?
2
What is the hundred thousands digit of 3614836?
6
What is the ten thousands digit of 448366?
4
What is the millions digit of 1059527?
1
What is the hundreds digit of 4586988?
9
What is the millions digit of 2035104?
2
What is the tens digit of 25486468?
6
What is the thousands digit of 397946?
7
What is the hundreds digit of 525397?
3
What is the hundred thousands digit of 13596066?
5
What is the hundred thousands digit of 3477059?
4
What is the units digit of 1956663?
3
What is the ten thousands digit of 12369469?
6
What is the thousands digit of 421998?
1
What is the units digit of 672149?
9
What is the units digit of 1801838?
8
What is the tens digit of 58759?
5
What is the units digit of 7847351?
1
What is the thousands digit of 17446554?
6
What is the tens digit of 957035?
3
What is the tens digit of 75203?
0
What is the ten thousands digit of 240209?
4
What is the hundreds digit of 181673?
6
What is the units digit of 2193732?
2
What is the hundreds digit of 162790?
7
What is the tens digit of 11305?
0
What is the hundreds digit of 349117?
1
What is the ten thousands digit of 6026243?
2
What is the hundred thousands digit of 789429?
7
What is the units digit of 1026319?
9
What is the tens digit of 456932?
3
What is the units digit of 1217335?
5
What is the hundred thousands digit of 1695820?
6
What is the ten thousands digit of 10235336?
3
What is the thousands digit of 76828?
6
What is the millions digit of 11268464?
1
What is the thousands digit of 543271?
3
What is the hundreds digit of 331488?
4
What is the ten thousands digit of 48297?
4
What is the units digit of 36738?
8
What is the thousands digit of 2393248?
3
What is the hundreds digit of 5267318?
3
What is the hundred thousands digit of 742002?
7
What is the millions digit of 6051513?
6
What is the hundreds digit of 1887711?
7
What is the units digit of 167784?
4
What is the hundreds digit of 1447328?
3
What is the ten thousands digit of 404862?
0
What is the units digit of 2289216?
6
What is the tens digit of 5090792?
9
What is the thousands digit of 174329?
4
What is the units digit of 84709?
9
What is the millions digit of 2156704?
2
What is the millions digit of 3419907?
3
What is the hundreds digit of 5052855?
8
What is the ten millions digit of 27371673?
2
What is the tens digit of 209970?
7
What is the thousands digit of 57106?
7
What is the tens digit of 458161?
6
What is the thousands digit of 5130694?
0
What is the hundred thousands digit of 4405395?
4
What is the ten thousands digit of 7387266?
8
What is the hundred thousands digit of 2118381?
1
What is the thousands digit of 5804507?
4
What is the hundreds digit of 6153145?
1
What is the tens digit of 5258584?
8
What is the units digit of 9969?
9
What is the millions digit of 3057977?
3
What is the ten thousands digit of 344792?
4
What is the tens digit of 555893?
9
What is the units digit of 1387827?
7
What is the tens digit of 587708?
0
What is the hundred thousands digit of 2013208?
0
What is the hundreds digit of 14874?
8
What is the ten thousands digit of 627381?
2
What is the thousands digit of 697966?
7
What is the hundreds digit of 5042714?
7
What is the ten thousands digit of 136879?
3
What is the hundred thousands digit of 8245375?
2
What is the units digit of 150685?
5
What is the units digit of 68371?
1
What is the hundred thousands digit of 2025831?
0
What is the thousands digit of 1169181?
9
What is the units digit of 48614?
4
What is the hundred thousands digit of 261116?
2
What is the hundreds digit of 5567651?
6
What is the millions digit of 1368052?
1
What is the thousands digit of 1037896?
7
What is the units digit of 3676098?
8
What is the thousands digit of 3627460?
7
What is the hundreds digit of 5273?
2
What is the hundreds digit of 1724396?
3
What is the hundred thousands digit of 217161?
2
What is the tens digit of 2630426?
2
What is the hundred thousands digit of 1758219?
7
What is the hundred thousands digit of 151968?
1
What is the millions digit of 4236155?
4
What is the ten thousands digit of 1634634?
3
What is the units digit of 871775?
5
What is the ten thousands digit of 13760865?
6
What is the hundreds digit of 112308?
3
What is the thousands digit of 349983?
9
What is the hundreds digit of 74197?
1
What is the thousands digit of 237171?
7
What is the hundred thousands digit of 16630518?
6
What is the units digit of 120852?
2
What is the hundred thousands digit of 30042374?
0
What is the millions digit of 4039218?
4
What is the thousands digit of 79883?
9
What is the tens digit of 260329?
2
What is the tens digit of 36882089?
8
What is the units digit of 296786?
6
What is the thousands digit of 6630847?
0
What is the thousands digit of 6506821?
6
What is the millions digit of 3528582?
3
What is the hundred thousands digit of 146969?
1
What is the thousands digit of 29283563?
3
What is the thousands digit of 104106?
4
What is the thousands digit of 1895822?
5
What is the hundreds digit of 123286?
2
What is the units digit of 630333?
3
What is the tens digit of 1108315?
1
What is the thousands digit of 4169188?
9
What is the ten thousands digit of 12111872?
1
What is the millions digit of 16738573?
6
What is the hundred thousands digit of 2775736?
7
What is the units digit of 975606?
6
What is the units digit of 1336160?
0
What is the hundred thousands digit of 2943095?
9
What is the units digit of 10872235?
5
What is the thousands digit of 12019038?
9
What is the thousands digit of 1129380?
9
What is the hundreds digit of 8654319?
3
What is the units digit of 2034506?
6
What is the ten thousands digit of 90333?
9
What is the ten thousands digit of 12685873?
8
What is the units digit of 377632?
2
What is the ten thousands digit of 6147630?
4
What is the thousands digit of 88488?
8
What is the thousands digit of 629900?
9
What is the units digit of 1968750?
0
What is the hundred thousands digit of 190369?
1
What is the hundred thousands digit of 1422402?
4
What is the ten thousands digit of 725731?
2
What is the millions digit of 7442449?
7
What is the ten millions digit of 31902694?
3
What is the thousands digit of 14427870?
7
What is the thousands digit of 12733565?
3
What is the tens digit of 381638?
3
What is the tens digit of 199466?
6
What is the hundreds digit of 93977?
9
What is the tens digit of 215870